29, 73, 2111
What are the prime factors of 117059225?
5, 29, 161461
What are the prime factors of 43807989?
3, 14602663
What are the prime factors of 483215171?
10663, 45317
What are the prime factors of 3015872?
2, 47123
What are the prime factors of 46798197?
3, 19, 251, 3271
What are the prime factors of 5258907435?
3, 5, 41, 8551069
What are the prime factors of 238525361?
11909, 20029
What are the prime factors of 3073332105?
3, 5, 23, 211, 4691
List the prime factors of 2926254855.
3, 5, 195083657
What are the prime factors of 872761438?
2, 29, 15047611
What are the prime factors of 830230907?
11, 4363, 17299
List the prime factors of 4503274612.
2, 1125818653
List the prime factors of 5559095899.
7, 97, 271, 30211
List the prime factors of 140506490.
2, 5, 14050649
What are the prime factors of 24355438?
2, 67, 181757
List the prime factors of 564139519.
31, 331, 54979
List the prime factors of 61406440.
2, 5, 47, 89, 367
List the prime factors of 99083540.
2, 5, 23, 215399
What are the prime factors of 131628132?
2, 3, 1218779
List the prime factors of 202520500.
2, 5, 7, 13, 4451
List the prime factors of 3435437165.
5, 11867, 57899
What are the prime factors of 219947944?
2, 41, 61, 10993
What are the prime factors of 883330394?
2, 373, 569, 2081
What are the prime factors of 1309087705?
5, 71, 151, 24421
List the prime factors of 125272560.
2, 3, 5, 7, 74567
What are the prime factors of 43934602?
2, 587, 37423
What are the prime factors of 209464495?
5, 3433, 12203
List the prime factors of 49583243.
29, 1709767
What are the prime factors of 25616306?
2, 103, 124351
List the prime factors of 1888747345.
5, 17, 19, 229, 5107
What are the prime factors of 947254832?
2, 5113, 11579
What are the prime factors of 157993636?
2, 53, 313, 2381
List the prime factors of 1345142171.
61, 22051511
List the prime factors of 900143465.
5, 13, 151, 91711
What are the prime factors of 82836955?
5, 16567391
List the prime factors of 4318215.
3, 5, 11, 26171
What are the prime factors of 52934096?
2, 3308381
List the prime factors of 76090319.
503, 151273
What are the prime factors of 25176560?
2, 5, 314707
List the prime factors of 1947064771.
31, 269, 233489
What are the prime factors of 1257945335?
5, 251589067
List the prime factors of 4583980560.
2, 3, 5, 19099919
List the prime factors of 1900669.
733, 2593
List the prime factors of 27361185.
3, 5, 359, 5081
List the prime factors of 734206604.
2, 31, 313, 18917
List the prime factors of 1432932290.
2, 5, 143293229
List the prime factors of 330463681.
330463681
List the prime factors of 8962559412.
2, 3, 101, 1487, 4973
What are the prime factors of 53877441?
3, 479, 37493
What are the prime factors of 1434580304?
2, 31, 2892299
List the prime factors of 6474677094.
2, 3, 359704283
List the prime factors of 2221810101.
3, 7, 11755609
List the prime factors of 22663417.
7, 3237631
What are the prime factors of 74096611?
43, 1723177
What are the prime factors of 121968523?
17, 7174619
List the prime factors of 366431771.
53, 6913807
What are the prime factors of 4169149792?
2, 79, 281, 5869
What are the prime factors of 2160898815?
3, 5, 17, 739, 11467
List the prime factors of 369942556.
2, 463, 199753
What are the prime factors of 7903639?
19, 503, 827
What are the prime factors of 238637727?
3, 26515303
What are the prime factors of 4230422261?
13, 325417097
List the prime factors of 857666168.
2, 103, 1040857
List the prime factors of 1326294927.
3, 47, 3135449
What are the prime factors of 98884109?
98884109
What are the prime factors of 231590162?
2, 115795081
What are the prime factors of 363176525?
5, 17, 854533
List the prime factors of 1072903777.
11, 97536707
List the prime factors of 24131797.
719, 33563
What are the prime factors of 60880661?
60880661
What are the prime factors of 4252228392?
2, 3, 73, 383, 6337
What are the prime factors of 229765870?
2, 5, 2699, 8513
List the prime factors of 1897673353.
37, 199, 257731
What are the prime factors of 974438?
2, 487219
What are the prime factors of 1822782605?
5, 7, 1062847
List the prime factors of 5980902351.
3, 1993634117
List the prime factors of 1016986531.
11, 179, 516499
List the prime factors of 1189097530.
2, 5, 1579, 75307
What are the prime factors of 525503894?
2, 262751947
What are the prime factors of 204581720?
2, 5, 7, 83, 8803
What are the prime factors of 127163902?
2, 4799, 13249
What are the prime factors of 51844389?
3, 107, 373, 433
What are the prime factors of 1229253484?
2, 307313371
What are the prime factors of 1272040941?
3, 18731, 22637
What are the prime factors of 12184047?
3, 311, 1451
List the prime factors of 204712243.
204712243
What are the prime factors of 1339343645?
5, 71, 89, 42391
What are the prime factors of 56416616?
2, 283, 24919
What are the prime factors of 69182797?
69182797
List the prime factors of 4608359946.
2, 3, 85339999
What are the prime factors of 441902577?
3, 147300859
List the prime factors of 80830276.
2, 1979, 10211
What are the prime factors of 68143352?
2, 8517919
List the prime factors of 4749529957.
181, 3761, 6977
List the prime factors of 2282867.
2282867
What are the prime factors of 2398293296?
2, 7, 353, 60661
What are the prime factors of 2861108884?
2, 715277221
What are the prime factors of 1604254874?
2, 802127437
List the prime factors of 8913311818.
2, 12511, 356219
List the prime factors of 2654094659.
39779, 66721
What are the prime factors of 649826587?
53, 79, 155201
List the prime factors of 1794841348.
2, 31, 2851, 5077
List the prime factors of 32062849.
7, 13, 27103
List the prime factors of 102525752.
2, 7, 1830817
What are the prime factors of 1953227099?
1163, 1679473
List the prime factors of 587155748.
2, 31, 4735127
List the prime factors of 102019468.
2, 3041, 8387
List the prime factors of 218283185.
5, 59, 739943
What are the prime factors of 3639083313?
3, 569, 2131859
What are the prime factors of 39006954?
2, 3, 7, 37, 2789
List the prime factors of 985226734.
2, 492613367
What are the prime factors of 152232814?
2, 23, 43, 76963
What are the prime factors of 140387812?
2, 35096953
List the prime factors of 8592603095.
5, 31, 55436149
List the prime factors of 401080613.
151, 2656163
List the prime factors of 9107272.
2, 1138409
List the prime factors of 415317658.
2, 7, 191, 155317
What are the prime factors of 926851692?
2, 3, 13, 19, 312703
What are the prime factors of 402748618?
2, 1879, 107171
What are the prime factors of 1963847765?
5, 11, 47, 759709
List the prime factors of 787671321.
3, 262557107
What are the prime factors of 134354983?
7, 23, 834503
What are the prime factors of 33286771?
7, 4755253
What are the prime factors of 948756053?
7, 47, 107, 26951
What are the prime factors of 69268391?
69268391
What are the prime factors of 2167290267?
3, 16823, 42943
What are the prime factors of 1252372826?
2, 659, 950207
List the prime factors of 415451561.
7, 59350223
What are the prime factors of 3677312793?
3, 7, 11, 15919103
What are the prime factors of 571046187?
3, 190348729
List the prime factors of 1608283430.
2, 5, 13, 951647
List the prime factors of 198595817.
7, 3917, 7243
What are the prime factors of 805426115?
5, 13, 641, 1487
What are the prime factors of 37307292?
2, 3, 11, 137, 2063
What are the prime factors of 1177016839?
463, 1303, 1951
What are the prime factors of 110082233?
1669, 65957
What are the prime factors of 2379690880?
2, 5, 7, 75883
What are the prime factors of 3172457?
41, 77377
What are the prime factors of 125529282?
2, 3, 6973849
What are the prime factors of 2099194395?
3, 5, 491, 285023
List the prime factors of 744575297.
23, 887, 36497
List the prime factors of 531469304.
2, 66433663
List the prime factors of 533113515.
3, 5, 11, 358999
List the prime factors of 170323886.
2, 1481, 57503
What are the prime factors of 1011493729?
163, 1217, 5099
List the prime factors of 89716069.
89716069
List the prime factors of 698836060.
2, 5, 13, 109, 24659
What are the prime factors of 117055669?
2719, 43051
What are the prime factors of 2628693781?
7, 375527683
List the prime factors of 200534261.
17, 11796133
What are the prime factors of 36120437?
67, 539111
List the prime factors of 35426